common factor of 12 and 62496?
12
Calculate the greatest common factor of 276333 and 3.
3
What is the highest common divisor of 92020 and 7490?
1070
Calculate the greatest common divisor of 148 and 18796.
148
Calculate the greatest common divisor of 284 and 159892.
284
What is the greatest common factor of 2607 and 1881?
33
What is the greatest common divisor of 2303 and 40138?
329
Calculate the highest common factor of 12513120 and 60.
60
Calculate the greatest common divisor of 3658 and 4030.
62
What is the highest common divisor of 7075 and 50?
25
What is the greatest common divisor of 55976 and 32?
8
Calculate the greatest common divisor of 3 and 18555.
3
What is the greatest common factor of 1065 and 1087365?
1065
What is the highest common divisor of 5352 and 2880?
24
Calculate the highest common factor of 3293475 and 150.
75
What is the highest common factor of 48657 and 147?
147
What is the greatest common divisor of 995 and 165?
5
What is the greatest common divisor of 13 and 46046?
13
What is the highest common divisor of 2200 and 65300?
100
Calculate the highest common divisor of 29214 and 2376.
54
What is the highest common factor of 288 and 10784?
32
Calculate the greatest common factor of 18 and 4713.
3
Calculate the greatest common divisor of 320 and 9392.
16
What is the greatest common divisor of 8449 and 36281?
497
What is the greatest common divisor of 24987174 and 141?
141
Calculate the greatest common factor of 2150 and 248110.
430
Calculate the highest common divisor of 18634 and 686.
14
What is the greatest common factor of 76 and 28234?
38
Calculate the highest common factor of 26 and 98423.
13
Calculate the greatest common divisor of 12090 and 555.
15
What is the greatest common divisor of 1326510 and 2754?
918
What is the highest common factor of 848237 and 213?
71
Calculate the highest common factor of 2280649 and 7.
7
Calculate the highest common factor of 94764 and 371.
53
What is the highest common divisor of 29978 and 104?
26
What is the greatest common divisor of 136 and 323714?
34
Calculate the highest common factor of 8370 and 864.
54
Calculate the greatest common divisor of 475 and 175199.
19
Calculate the highest common divisor of 191010 and 165.
15
What is the highest common divisor of 182528 and 744?
248
Calculate the greatest common divisor of 24528 and 252.
84
Calculate the highest common divisor of 54978 and 462.
462
What is the greatest common factor of 2250 and 85356?
18
Calculate the greatest common divisor of 169 and 4186.
13
What is the highest common divisor of 502866 and 616?
14
What is the highest common factor of 716 and 84130?
358
Calculate the greatest common factor of 11516 and 128.
4
What is the greatest common divisor of 39 and 262587?
39
What is the greatest common factor of 3480 and 120?
120
What is the highest common factor of 35355 and 15?
15
Calculate the greatest common divisor of 6 and 5378.
2
Calculate the highest common divisor of 25 and 1035540.
5
What is the highest common divisor of 13202 and 2954?
14
What is the greatest common divisor of 248825 and 10175?
925
What is the highest common divisor of 674712 and 72?
72
What is the greatest common divisor of 3279160 and 40?
40
Calculate the highest common divisor of 133287 and 77.
77
What is the greatest common factor of 32626 and 32?
2
Calculate the greatest common divisor of 375 and 41575.
25
What is the highest common factor of 6856 and 16?
8
What is the greatest common divisor of 144 and 505872?
144
What is the highest common factor of 157 and 158?
1
What is the highest common divisor of 380 and 241205?
95
Calculate the highest common divisor of 1180 and 1003.
59
What is the highest common divisor of 2033 and 11663?
107
Calculate the highest common divisor of 8 and 1692240.
8
Calculate the highest common factor of 5989 and 1696.
53
What is the highest common divisor of 2 and 2405098?
2
What is the highest common factor of 2080177 and 74?
37
Calculate the greatest common divisor of 1 and 147679.
1
What is the highest common factor of 248 and 833156?
124
Calculate the highest common factor of 378 and 2295594.
378
What is the greatest common factor of 10 and 711560?
10
Calculate the highest common factor of 3485 and 88468.
17
What is the greatest common divisor of 261 and 3501?
9
Calculate the greatest common divisor of 5467 and 438922.
781
Calculate the greatest common factor of 2768433 and 969.
969
Calculate the greatest common factor of 60810 and 660.
30
Calculate the highest common divisor of 248 and 665508.
124
What is the greatest common divisor of 528 and 541584?
48
Calculate the highest common divisor of 6 and 760536.
6
Calculate the highest common factor of 56 and 1098034.
14
Calculate the highest common factor of 830 and 12.
2
What is the greatest common divisor of 46710 and 405?
135
What is the highest common factor of 174310 and 50?
10
What is the highest common divisor of 118090 and 3290?
70
Calculate the highest common factor of 421 and 1148909.
421
Calculate the greatest common divisor of 10425 and 375.
75
What is the greatest common factor of 1453190 and 10?
10
Calculate the highest common factor of 129 and 14749.
43
What is the greatest common factor of 1327942 and 231?
77
Calculate the highest common divisor of 7566 and 208.
26
Calculate the highest common divisor of 420165 and 105.
15
Calculate the greatest common factor of 1580 and 1080.
20
What is the greatest common factor of 22120 and 160?
40
Calculate the greatest common divisor of 1865 and 6768085.
1865
Calculate the highest common factor of 2340497 and 1383.
461
What is the highest common divisor of 1822536 and 34?
34
Calculate the highest common divisor of 5103 and 1281.
21
What is the highest common factor of 8625 and 483?
69
Calculate the highest common divisor of 5925 and 5451.
237
What is the highest common divisor of 20410 and 910?
130
What is the highest common factor of 102 and 31467?
51
What is the highest common factor of 109836 and 243?
243
What is the greatest common factor of 198722 and 4958?
134
Calculate the greatest common factor of 717405 and 585.
195
What is the highest common divisor of 2756 and 468308?
212
What is the highest common divisor of 1750098 and 14?
14
Calculate the greatest common factor of 1242 and 1642545.
621
Calculate the greatest common divisor of 14 and 196273.
7
What is the greatest common factor of 3319470 and 1890?
630
Calculate the highest common divisor of 335 and 3395.
5
Calculate the highest common divisor of 2280936 and 18.
6
What is the highest common factor of 3961 and 17?
17
Calculate the highest common factor of 109512 and 520.
104
What is the greatest common factor of 9 and 415629?
9
What is the greatest common divisor of 206 and 1053278?
206
What is the highest common factor of 94 and 1197043?
47
What is the highest common factor of 5520 and 6283600?
1840
What is the greatest common factor of 5968 and 7952?
16
Calculate the greatest common divisor of 724842 and 18.
18
What is the greatest common factor of 7052 and 211724?
164
Calculate the greatest common factor of 460365 and 26085.
705
Calculate the greatest common divisor of 438807 and 1284.
321
What is the highest common factor of 44700 and 13740?
60
What is the greatest common factor of 4160 and 6370?
130
What is the greatest common factor of 53181 and 243?
9
What is the highest common divisor of 2725776 and 2760?
552
Calculate the highest common factor of 158685 and 90.
15
Calculate the highest common factor of 318 and 795.
159
Calculate the highest common divisor of 761112 and 792.
792
What is the highest common divisor of 165 and 104610?
165
What is the greatest common divisor of 476752 and 2988?
332
What is the highest common factor of 28 and 12908?
28
What is the highest common factor of 12086 and 46?
2
Calculate the greatest common divisor of 351 and 3672.
27
What is the greatest common divisor of 1574480 and 80?
80
Calculate the greatest common divisor of 2895 and 35.
5
What is the greatest common divisor of 130 and 165790?
10
What is the greatest common divisor of 140509 and 639?
71
Calculate the greatest common factor of 1640 and 7640.
40
Calculate the highest common factor of 48373 and 13.
13
Calculate the highest common factor of 1430 a